{"id":21535,"date":"2024-03-11T11:38:59","date_gmt":"2024-03-11T10:38:59","guid":{"rendered":"https:\/\/dev.720motions.de\/schule\/?page_id=21535"},"modified":"2024-03-11T11:39:41","modified_gmt":"2024-03-11T10:39:41","slug":"impressum","status":"publish","type":"page","link":"https:\/\/dev.720motions.de\/schule\/impressum\/","title":{"rendered":"Impressum"},"content":{"rendered":"\t\t<div data-elementor-type=\"wp-page\" data-elementor-id=\"21535\" class=\"elementor elementor-21535\">\n\t\t\t\t<div class=\"elementor-element elementor-element-ace66ac e-flex e-con-boxed e-con e-parent\" data-id=\"ace66ac\" data-element_type=\"container\" data-settings=\"{&quot;background_background&quot;:&quot;classic&quot;,&quot;content_width&quot;:&quot;boxed&quot;}\" data-core-v316-plus=\"true\">\n\t\t\t\t\t<div class=\"e-con-inner\">\n\t\t<div class=\"elementor-element elementor-element-04a0263 e-con-full e-flex e-con e-child\" data-id=\"04a0263\" data-element_type=\"container\" data-settings=\"{&quot;content_width&quot;:&quot;full&quot;}\">\n\t\t\t\t<div class=\"elementor-element elementor-element-d9198ee animated-fast elementor-invisible elementor-widget elementor-widget-elementskit-heading\" data-id=\"d9198ee\" data-element_type=\"widget\" data-settings=\"{&quot;ekit_we_effect_on&quot;:&quot;css&quot;,&quot;_animation&quot;:&quot;fadeIn&quot;,&quot;_animation_delay&quot;:100}\" data-widget_type=\"elementskit-heading.default\">\n\t\t\t\t<div class=\"elementor-widget-container\">\n\t\t\t<div class=\"ekit-wid-con\" ><div class=\"ekit-heading elementskit-section-title-wraper text_left   ekit_heading_tablet-   ekit_heading_mobile-\"><h1 class=\"ekit-heading--title elementskit-section-title \">Impressum<\/h1><\/div><\/div>\t\t<\/div>\n\t\t\t\t<\/div>\n\t\t\t\t<\/div>\n\t\t\t\t\t<\/div>\n\t\t\t\t<\/div>\n\t\t<div class=\"elementor-element elementor-element-33c7781 e-flex e-con-boxed e-con e-parent\" data-id=\"33c7781\" data-element_type=\"container\" data-settings=\"{&quot;animation&quot;:&quot;none&quot;,&quot;content_width&quot;:&quot;boxed&quot;}\" data-core-v316-plus=\"true\">\n\t\t\t\t\t<div class=\"e-con-inner\">\n\t\t<div class=\"elementor-element elementor-element-0e87c71 e-con-full e-flex e-con e-child\" data-id=\"0e87c71\" data-element_type=\"container\" data-settings=\"{&quot;content_width&quot;:&quot;full&quot;}\">\n\t\t<div class=\"elementor-element elementor-element-ed53883 e-con-full sticky-section e-flex e-con e-child\" data-id=\"ed53883\" data-element_type=\"container\" id=\"section1\" data-settings=\"{&quot;content_width&quot;:&quot;full&quot;}\">\n\t\t<div class=\"elementor-element elementor-element-6ce9561 e-con-full e-flex e-con e-child\" data-id=\"6ce9561\" data-element_type=\"container\" data-settings=\"{&quot;content_width&quot;:&quot;full&quot;}\">\n\t\t\t\t<div class=\"elementor-element elementor-element-58cdac2 animated-fast elementor-invisible elementor-widget elementor-widget-text-editor\" data-id=\"58cdac2\" data-element_type=\"widget\" data-settings=\"{&quot;_animation&quot;:&quot;fadeIn&quot;,&quot;_animation_delay&quot;:100,&quot;ekit_we_effect_on&quot;:&quot;none&quot;}\" data-widget_type=\"text-editor.default\">\n\t\t\t\t<div class=\"elementor-widget-container\">\n\t\t\t<style>\/*! elementor - v3.19.0 - 28-02-2024 *\/\n.elementor-widget-text-editor.elementor-drop-cap-view-stacked .elementor-drop-cap{background-color:#69727d;color:#fff}.elementor-widget-text-editor.elementor-drop-cap-view-framed .elementor-drop-cap{color:#69727d;border:3px solid;background-color:transparent}.elementor-widget-text-editor:not(.elementor-drop-cap-view-default) .elementor-drop-cap{margin-top:8px}.elementor-widget-text-editor:not(.elementor-drop-cap-view-default) .elementor-drop-cap-letter{width:1em;height:1em}.elementor-widget-text-editor .elementor-drop-cap{float:left;text-align:center;line-height:1;font-size:50px}.elementor-widget-text-editor .elementor-drop-cap-letter{display:inline-block}<\/style>\t\t\t\t<h3>Der Kreis Segeberg ist eine K\u00f6rperschaft des \u00f6ffentlichen Rechts und wird vertreten durch:<\/h3><p>Kreis Segeberg<br \/>Der Landrat<br \/>Jan Peter Schr\u00f6der<\/p><p align=\"justify\">Hamburger Stra\u00dfe 30<br \/>23795 Bad Segeberg<\/p><p>Telefon: +49 4551-951 0<br \/>Fax:\u00a0+49 4551 951-99111<\/p><p>E-Mail:\u00a0<a class=\"csslink_email\" href=\"mailto:info@segeberg.de\">info@segeberg.de<\/a><\/p><p>De-Mail: info@segeberg.sh-kommunen.de-mail.de<\/p><p>Umsatzsteuer-Identifikationsnummer\u00a0gem\u00e4\u00df Paragraph 27a Umsatzsteuergesetz: DE292086564.<\/p>\t\t\t\t\t\t<\/div>\n\t\t\t\t<\/div>\n\t\t\t\t<\/div>\n\t\t\t\t<\/div>\n\t\t\t\t<\/div>\n\t\t\t\t\t<\/div>\n\t\t\t\t<\/div>\n\t\t\t\t<\/div>\n\t\t","protected":false},"excerpt":{"rendered":"<p>Impressum Der Kreis Segeberg ist eine K\u00f6rperschaft des \u00f6ffentlichen Rechts und wird vertreten durch: Kreis SegebergDer LandratJan Peter Schr\u00f6der Hamburger Stra\u00dfe 3023795 Bad Segeberg Telefon: +49 4551-951 0Fax:\u00a0+49 4551 951-99111 E-Mail:\u00a0info@segeberg.de De-Mail: info@segeberg.sh-kommunen.de-mail.de Umsatzsteuer-Identifikationsnummer\u00a0gem\u00e4\u00df Paragraph 27a Umsatzsteuergesetz: DE292086564.<\/p>\n","protected":false},"author":1,"featured_media":0,"parent":0,"menu_order":0,"comment_status":"closed","ping_status":"closed","template":"","meta":{"footnotes":""},"class_list":["post-21535","page","type-page","status-publish","hentry"],"_links":{"self":[{"href":"https:\/\/dev.720motions.de\/schule\/wp-json\/wp\/v2\/pages\/21535","targetHints":{"allow":["GET"]}}],"collection":[{"href":"https:\/\/dev.720motions.de\/schule\/wp-json\/wp\/v2\/pages"}],"about":[{"href":"https:\/\/dev.720motions.de\/schule\/wp-json\/wp\/v2\/types\/page"}],"author":[{"embeddable":true,"href":"https:\/\/dev.720motions.de\/schule\/wp-json\/wp\/v2\/users\/1"}],"replies":[{"embeddable":true,"href":"https:\/\/dev.720motions.de\/schule\/wp-json\/wp\/v2\/comments?post=21535"}],"version-history":[{"count":4,"href":"https:\/\/dev.720motions.de\/schule\/wp-json\/wp\/v2\/pages\/21535\/revisions"}],"predecessor-version":[{"id":21539,"href":"https:\/\/dev.720motions.de\/schule\/wp-json\/wp\/v2\/pages\/21535\/revisions\/21539"}],"wp:attachment":[{"href":"https:\/\/dev.720motions.de\/schule\/wp-json\/wp\/v2\/media?parent=21535"}],"curies":[{"name":"wp","href":"https:\/\/api.w.org\/{rel}","templated":true}]}}

<div data-elementor-type="wp-page" data-elementor-id="21535" class="elementor elementor-21535">
				<div class="elementor-element elementor-element-ace66ac e-flex e-con-boxed e-con e-parent" data-id="ace66ac" data-element_type="container" data-settings="{&quot;background_background&quot;:&quot;classic&quot;,&quot;content_width&quot;:&quot;boxed&quot;}" data-core-v316-plus="true">
					<div class="e-con-inner">
		<div class="elementor-element elementor-element-04a0263 e-con-full e-flex e-con e-child" data-id="04a0263" data-element_type="container" data-settings="{&quot;content_width&quot;:&quot;full&quot;}">
				<div class="elementor-element elementor-element-d9198ee animated-fast elementor-invisible elementor-widget elementor-widget-elementskit-heading" data-id="d9198ee" data-element_type="widget" data-settings="{&quot;ekit_we_effect_on&quot;:&quot;css&quot;,&quot;_animation&quot;:&quot;fadeIn&quot;,&quot;_animation_delay&quot;:100}" data-widget_type="elementskit-heading.default">
				<div class="elementor-widget-container">
			<div class="ekit-wid-con" ><div class="ekit-heading elementskit-section-title-wraper text_left   ekit_heading_tablet-   ekit_heading_mobile-"><h1 class="ekit-heading--title elementskit-section-title ">Impressum</h1></div></div>		</div>
				</div>
				</div>
					</div>
				</div>
		<div class="elementor-element elementor-element-33c7781 e-flex e-con-boxed e-con e-parent" data-id="33c7781" data-element_type="container" data-settings="{&quot;animation&quot;:&quot;none&quot;,&quot;content_width&quot;:&quot;boxed&quot;}" data-core-v316-plus="true">
					<div class="e-con-inner">
		<div class="elementor-element elementor-element-0e87c71 e-con-full e-flex e-con e-child" data-id="0e87c71" data-element_type="container" data-settings="{&quot;content_width&quot;:&quot;full&quot;}">
		<div class="elementor-element elementor-element-ed53883 e-con-full sticky-section e-flex e-con e-child" data-id="ed53883" data-element_type="container" id="section1" data-settings="{&quot;content_width&quot;:&quot;full&quot;}">
		<div class="elementor-element elementor-element-6ce9561 e-con-full e-flex e-con e-child" data-id="6ce9561" data-element_type="container" data-settings="{&quot;content_width&quot;:&quot;full&quot;}">
				<div class="elementor-element elementor-element-58cdac2 animated-fast elementor-invisible elementor-widget elementor-widget-text-editor" data-id="58cdac2" data-element_type="widget" data-settings="{&quot;_animation&quot;:&quot;fadeIn&quot;,&quot;_animation_delay&quot;:100,&quot;ekit_we_effect_on&quot;:&quot;none&quot;}" data-widget_type="text-editor.default">
				<div class="elementor-widget-container">
			<style>/*! elementor - v3.19.0 - 28-02-2024 */
.elementor-widget-text-editor.elementor-drop-cap-view-stacked .elementor-drop-cap{background-color:#69727d;color:#fff}.elementor-widget-text-editor.elementor-drop-cap-view-framed .elementor-drop-cap{color:#69727d;border:3px solid;background-color:transparent}.elementor-widget-text-editor:not(.elementor-drop-cap-view-default) .elementor-drop-cap{margin-top:8px}.elementor-widget-text-editor:not(.elementor-drop-cap-view-default) .elementor-drop-cap-letter{width:1em;height:1em}.elementor-widget-text-editor .elementor-drop-cap{float:left;text-align:center;line-height:1;font-size:50px}.elementor-widget-text-editor .elementor-drop-cap-letter{display:inline-block}</style>				<h3>Der Kreis Segeberg ist eine Körperschaft des öffentlichen Rechts und wird vertreten durch:</h3><p>Kreis Segeberg<br />Der Landrat<br />Jan Peter Schröder</p><p align="justify">Hamburger Straße 30<br />23795 Bad Segeberg</p><p>Telefon: +49 4551-951 0<br />Fax: +49 4551 951-99111</p><p>E-Mail: <a class="csslink_email" href="mailto:info@segeberg.de">info@segeberg.de</a></p><p>De-Mail: info@segeberg.sh-kommunen.de-mail.de</p><p>Umsatzsteuer-Identifikationsnummer gemäß Paragraph 27a Umsatzsteuergesetz: DE292086564.</p>						</div>
				</div>
				</div>
				</div>
				</div>
					</div>
				</div>
				</div>

<p>Impressum Der Kreis Segeberg ist eine Körperschaft des öffentlichen Rechts und wird vertreten durch: Kreis SegebergDer LandratJan Peter Schröder Hamburger Straße 3023795 Bad Segeberg Telefon: +49 4551-951 0Fax: +49 4551 951-99111 E-Mail: info@segeberg.de De-Mail: info@segeberg.sh-kommunen.de-mail.de Umsatzsteuer-Identifikationsnummer gemäß Paragraph 27a Umsatzsteuergesetz: DE292086564.</p>
